{"id":181,"date":"2017-09-25T16:49:03","date_gmt":"2017-09-25T16:49:03","guid":{"rendered":"http:\/\/www.zannekrep.si\/youtube\/zakljucek-nakupa\/"},"modified":"2018-12-14T20:05:51","modified_gmt":"2018-12-14T20:05:51","slug":"zakljucek-nakupa","status":"publish","type":"page","link":"https:\/\/www.zannekrep.si\/youtubetecaj\/zakljucek-nakupa\/","title":{"rendered":"Zaklju\u010dek nakupa"},"content":{"rendered":"<p>[et_pb_section bb_built=&#8221;1&#8243; fullwidth=&#8221;off&#8221; specialty=&#8221;off&#8221; _builder_version=&#8221;3.0.66&#8243; custom_padding=&#8221;||0px|&#8221; next_background_color=&#8221;#000000&#8243;][et_pb_row][et_pb_column type=&#8221;4_4&#8243;][et_pb_code _builder_version=&#8221;3.12.2&#8243;]&lt;div style=&#8221;text-align:center&#8221;&gt;&lt;!&#8211; [et_pb_line_break_holder] &#8211;&gt;&lt;p style=&#8221;font-size:18px&#8221;&gt;Ste le \u0161e korak, da boste izvedeli najnovej\u0161e skrivnosti in tehnike, katere vedo le moje YouTube stranke z milijoni ogledov&lt;!&#8211; [et_pb_line_break_holder] &#8211;&gt;&lt;!&#8211; [et_pb_line_break_holder] &#8211;&gt;&lt;\/p&gt;&lt;!&#8211; [et_pb_line_break_holder] &#8211;&gt;&lt;!&#8211; [et_pb_line_break_holder] &#8211;&gt;&lt;h1 style=&#8221;font-size:18px;font-weight:700;&#8221;&gt; Delavnica, ki vam bo pove\u010dala va\u0161 poslovni uspeh na YouTube ali vam pa vrnem denar in pla\u010dam \u0161e kosilo!&lt;\/h1&gt;&lt;!&#8211; [et_pb_line_break_holder] &#8211;&gt;&lt;\/div&gt;[\/et_pb_code][et_pb_text _builder_version=&#8221;3.0.66&#8243; background_layout=&#8221;light&#8221; text_orientation=&#8221;left&#8221; border_style=&#8221;solid&#8221; custom_css_main_element=&#8221;line-height:215%;&#8221;]<\/p>\n<p>V prostorih Gospodarske zbornice Slovenije na Dimi\u010devi 13 v Ljubljani.<\/p>\n<p>[\/et_pb_text][\/et_pb_column][\/et_pb_row][\/et_pb_section][et_pb_section bb_built=&#8221;1&#8243; prev_background_color=&#8221;#000000&#8243; next_background_color=&#8221;#000000&#8243;][et_pb_row][et_pb_column type=&#8221;4_4&#8243;][et_pb_code _builder_version=&#8221;3.0.66&#8243;]<div class=\"woocommerce\"><\/div>[\/et_pb_code][\/et_pb_column][\/et_pb_row][\/et_pb_section][et_pb_section bb_built=&#8221;1&#8243; fullwidth=&#8221;off&#8221; specialty=&#8221;off&#8221; _builder_version=&#8221;3.0.66&#8243; custom_padding=&#8221;0px|||&#8221; prev_background_color=&#8221;#000000&#8243; next_background_color=&#8221;#3c3c41&#8243;][et_pb_row _builder_version=&#8221;3.0.66&#8243; background_position_1=&#8221;top_left&#8221; background_repeat_1=&#8221;no-repeat&#8221; background_position_2=&#8221;top_left&#8221; background_repeat_2=&#8221;no-repeat&#8221; custom_css_main_element=&#8221;max-width:800px;||margin:0 auto;&#8221; custom_margin=&#8221;0px|||&#8221; custom_padding=&#8221;0px|||&#8221;][et_pb_column type=&#8221;3_4&#8243;][et_pb_code _builder_version=&#8221;3.0.66&#8243;]&lt;br&gt;&lt;br&gt;&lt;p style=&#8221;font-size: 32px;text-align:center;line-height:120%;&#8221;&gt;\u010ce z delavnico ne boste zadovoljni, vam vrnem denar in \u0161e peljem na kosilo!&lt;\/p&gt;[\/et_pb_code][\/et_pb_column][et_pb_column type=&#8221;1_4&#8243;][et_pb_image _builder_version=&#8221;3.0.66&#8243; src=&#8221;https:\/\/www.zannekrep.si\/youtubetecaj\/wp-content\/uploads\/2017\/09\/moneybackg.png&#8221; show_in_lightbox=&#8221;off&#8221; url_new_window=&#8221;off&#8221; use_overlay=&#8221;off&#8221; sticky=&#8221;off&#8221; align=&#8221;center&#8221; always_center_on_mobile=&#8221;on&#8221; border_style=&#8221;solid&#8221; force_fullwidth=&#8221;off&#8221; animation_style=&#8221;slide&#8221; animation_duration=&#8221;500ms&#8221; animation_intensity_slide=&#8221;10%&#8221; animation_direction=&#8221;left&#8221; show_bottom_space=&#8221;on&#8221; \/][\/et_pb_column][\/et_pb_row][\/et_pb_section][et_pb_section bb_built=&#8221;1&#8243; fullwidth=&#8221;off&#8221; specialty=&#8221;off&#8221; _builder_version=&#8221;3.0.66&#8243; background_color=&#8221;#3c3c41&#8243; custom_padding=&#8221;0px||0px|&#8221; custom_css_main_element=&#8221;border-top:1px solid #ccc;&#8221; prev_background_color=&#8221;#ffffff&#8221; next_background_color=&#8221;#000000&#8243; global_module=&#8221;225&#8243;][et_pb_row global_parent=&#8221;225&#8243; _builder_version=&#8221;3.0.66&#8243; background_position=&#8221;top_left&#8221; background_repeat=&#8221;repeat&#8221; background_size=&#8221;initial&#8221;][et_pb_column type=&#8221;4_4&#8243;][et_pb_code global_parent=&#8221;225&#8243; _builder_version=&#8221;3.12.2&#8243; background_position=&#8221;top_left&#8221; background_repeat=&#8221;repeat&#8221; background_size=&#8221;initial&#8221;]&lt;p style=&#8221;font-size:16px; color:white;&#8221;&gt;Za dodatna vpra\u0161anja in informacije sem dosegljiv na elektronskem naslovu zan@zannekrep.si ali telefonski \u0161tevilki 040 242 248.&lt;\/p&gt;[\/et_pb_code][\/et_pb_column][\/et_pb_row][\/et_pb_section][et_pb_section bb_built=&#8221;1&#8243; fullwidth=&#8221;off&#8221; specialty=&#8221;off&#8221; _builder_version=&#8221;3.0.66&#8243; background_color=&#8221;#3c3c41&#8243; custom_padding=&#8221;0px||0px|&#8221; prev_background_color=&#8221;#000000&#8243; global_module=&#8221;226&#8243;][et_pb_row global_parent=&#8221;226&#8243; _builder_version=&#8221;3.0.66&#8243; background_position_1=&#8221;top_left&#8221; background_repeat_1=&#8221;no-repeat&#8221; background_position_2=&#8221;top_left&#8221; background_repeat_2=&#8221;no-repeat&#8221; background_position_3=&#8221;top_left&#8221; background_repeat_3=&#8221;no-repeat&#8221; custom_margin=&#8221;0px|||&#8221; custom_padding=&#8221;0px|||&#8221; custom_css_main_element=&#8221;color: #888888;&#8221; background_position=&#8221;top_left&#8221; background_repeat=&#8221;repeat&#8221; background_size=&#8221;initial&#8221;][et_pb_column type=&#8221;1_3&#8243;][et_pb_code global_parent=&#8221;226&#8243; _builder_version=&#8221;3.0.66&#8243;]&lt;p&gt;\u017dan Nekrep s.p., Triglavska 32, 1000 Ljubljana (nisem dav\u010dni zavezanec)&lt;\/p&gt;[\/et_pb_code][\/et_pb_column][et_pb_column type=&#8221;1_3&#8243;][\/et_pb_column][et_pb_column type=&#8221;1_3&#8243;][et_pb_code global_parent=&#8221;226&#8243; _builder_version=&#8221;3.0.66&#8243;]&lt;a href=&#8221;https:\/\/www.zannekrep.si\/splosni-pogoji\/&#8221;&gt;Splo\u0161ni pogoji&lt;\/a&gt; | &lt;a href=&#8221;https:\/\/www.zannekrep.si\/piskotki\/&#8221;&gt;Pi\u0161kotki&lt;\/a&gt; | &lt;a href=&#8221;https:\/\/www.zannekrep.si\/zasebnost\/&#8221;&gt;Zasebnost&lt;\/a&gt;[\/et_pb_code][\/et_pb_column][\/et_pb_row][\/et_pb_section]<\/p>\n","protected":false},"excerpt":{"rendered":"<p>[et_pb_section bb_built=&#8221;1&#8243; fullwidth=&#8221;off&#8221; specialty=&#8221;off&#8221; _builder_version=&#8221;3.0.66&#8243; custom_padding=&#8221;||0px|&#8221; next_background_color=&#8221;#000000&#8243;][et_pb_row][et_pb_column type=&#8221;4_4&#8243;][et_pb_code _builder_version=&#8221;3.12.2&#8243;]&lt;div style=&#8221;text-align:center&#8221;&gt;&lt;!&#8211; [et_pb_line_break_holder] &#8211;&gt;&lt;p style=&#8221;font-size:18px&#8221;&gt;Ste le \u0161e korak, da boste izvedeli najnovej\u0161e skrivnosti in tehnike, katere vedo le moje YouTube stranke z milijoni ogledov&lt;!&#8211; [et_pb_line_break_holder] &#8211;&gt;&lt;!&#8211; [et_pb_line_break_holder] &#8211;&gt;&lt;\/p&gt;&lt;!&#8211; [et_pb_line_break_holder] &#8211;&gt;&lt;!&#8211; [et_pb_line_break_holder] &#8211;&gt;&lt;h1 style=&#8221;font-size:18px;font-weight:700;&#8221;&gt; Delavnica, ki vam bo pove\u010dala va\u0161 poslovni uspeh na YouTube ali vam pa vrnem [&hellip;]<\/p>\n","protected":false},"author":1,"featured_media":0,"parent":0,"menu_order":0,"comment_status":"closed","ping_status":"closed","template":"page-template-blank.php","meta":{"footnotes":""},"_links":{"self":[{"href":"https:\/\/www.zannekrep.si\/youtubetecaj\/wp-json\/wp\/v2\/pages\/181"}],"collection":[{"href":"https:\/\/www.zannekrep.si\/youtubetecaj\/wp-json\/wp\/v2\/pages"}],"about":[{"href":"https:\/\/www.zannekrep.si\/youtubetecaj\/wp-json\/wp\/v2\/types\/page"}],"author":[{"embeddable":true,"href":"https:\/\/www.zannekrep.si\/youtubetecaj\/wp-json\/wp\/v2\/users\/1"}],"replies":[{"embeddable":true,"href":"https:\/\/www.zannekrep.si\/youtubetecaj\/wp-json\/wp\/v2\/comments?post=181"}],"version-history":[{"count":29,"href":"https:\/\/www.zannekrep.si\/youtubetecaj\/wp-json\/wp\/v2\/pages\/181\/revisions"}],"predecessor-version":[{"id":551,"href":"https:\/\/www.zannekrep.si\/youtubetecaj\/wp-json\/wp\/v2\/pages\/181\/revisions\/551"}],"wp:attachment":[{"href":"https:\/\/www.zannekrep.si\/youtubetecaj\/wp-json\/wp\/v2\/media?parent=181"}],"curies":[{"name":"wp","href":"https:\/\/api.w.org\/{rel}","templated":true}]}}